 + 64. Let v(a) = 2 + a**3 + 12*a**2 - 5*a - 4 - 13. Let r be v(-12). Calculate the greatest common factor of o and r.
9
Let s be ((-78)/(-7))/(1276/232 - 1038/189). What is the greatest common factor of 143 and s?
13
Suppose -2*a = -5*n - 9962, 17410 - 2490 = 3*a + 4*n. Calculate the highest common factor of a and 16.
16
Suppose -3*f = 3*a - 171 + 60, 5*f + 3*a - 195 = 0. Let k be (1 - -2)*8/6. Let q be 6 + (2 - k) - -17. What is the greatest common divisor of f and q?
21
Suppose -3*g - 40 = 7*g. Let u be g + 84/22 + 1487/11. Let h = u - 59. Calculate the highest common factor of h and 38.
38
Suppose 8*r = -571 - 205. Let n = -95 - r. Let y be 14 - 0 - (-2 + n). Calculate the highest common divisor of y and 112.
14
Suppose 0 = -2*z + 49074 + 3758. Calculate the highest common factor of 208 and z.
208
Let k(h) = -h**2 - 4*h + 214. Let p be k(-16). What is the greatest common divisor of 4378 and p?
22
Let x be (325/30)/(1/21*(-22)/(-44)). Calculate the highest common divisor of x and 377.
13
Let a = 241 - 240. Let t be 2 + (-3)/a - -28. What is the highest common divisor of 12 and t?
3
Suppose b + 85 = -3*u, 5*u + 4*b + 142 = 2*b. Let j be 2/(-7) + (-204)/u. Let x = j + 57. Calculate the highest common factor of x and 8.
8
Let f(w) = -140*w - 7907. Let h be f(-63). Calculate the highest common divisor of h and 249.
83
Suppose 5*c - 423 = 3*p + 2*c, -4*c - 604 = 4*p. Let h = 191 + p. Calculate the highest common divisor of 15 and h.
15
Let o(n) = n**3 - 2*n**2 - 2*n - 14. Let t = 50 + -46. Let i be o(t). What is the greatest common divisor of 70 and i?
10
Let l(k) = -k**2 + 4*k - 1. Let q be l(2). Let i be ((-68)/20 + q)*-15. Let g = 12 - i. Calculate the highest common factor of 24 and g.
6
Let r(x) = -4*x**2 + 8*x - 3. Let h be r(10). Let p = h + 350. Suppose -135 = -5*k - 0*k. What is the highest common factor of k and p?
27
Let g be -74*(9 + 120/(-12)). Suppose 0 = -0*j + 4*j - 1332. What is the highest common divisor of g and j?
37
Let f be -36*(-156)/351 - (1 + -1). What is the highest common divisor of 2744 and f?
8
Suppose 11*o - 13219 = 9*o + 11785. Calculate the greatest common divisor of o and 38.
38
Suppose 0 = -2*n + 255 - 229. Calculate the greatest common divisor of n and 1157.
13
Let n(h) = -2*h**3 - 3*h**2 + 6*h + 2. Let y be 4/12 - 254/(-3). Suppose -y*g - 10 = -83*g. Let b be n(g). Calculate the highest common divisor of b and 21.
21
Let n = 504 - 542. Let v(l) = -24*l - 274. Let o be v(n). What is the greatest common divisor of 58 and o?
58
Let s be (54/63)/(2/(-14)). Let f be (-20)/s*42/28. Suppose 0 = -f*k - 0*w - w + 90, 0 = 3*k - 4*w - 31. Calculate the highest common factor of k and 187.
17
Let m(a) = 3*a**2 + a + 5. Let h be m(4). Let l = 6271 - 6195. What is the highest common factor of l and h?
19
Let c be (12 - -48)*11/33. Suppose 0 = 4*h, -h = -3*w - 5*h + 120. What is the greatest common divisor of w and c?
20
Let h be ((-6)/(-8))/(10/80). Suppose -18*s = h*s - 384. What is the highest common factor of s and 256?
16
Let l(z) = 22*z**2 - 3*z + 2. Let f be l(1). Let u = f - 17. Suppose -4*i - 5*v = -175, -i + u*v = v - 31. What is the highest common factor of i and 16?
8
Suppose 2*j = 62 - 22. Let d be 240/(-8)*10/(-25). Calculate the greatest common factor of d and j.
4
Suppose 20*l = 40*l - 580. Suppose 0 = -l*w - 1572 + 5835. Calculate the highest common divisor of 63 and w.
21
Let h be ((-2)/4 + -1)/((-21)/(-42)). Let y = 20 + h. What is the highest common factor of 289 and y?
17
Let n be (-2 + 2)/(-5) - -4. Suppose -n*z + 8 = 0, -4*z + 94 = 4*a - 74. Suppose -3*w = -7*w + a. What is the highest common factor of 130 and w?
10
Suppose 4*s = p + 2, -8*p + 7*p + 1 = -s. Suppose -269 = -4*a + k, p*a + 4*k + 32 - 144 = 0. What is the highest common factor of a and 88?
22
Let l = -91 - -149. Suppose 4*v - 116 = -5*x, 0*v + 3*x = 2*v - l. What is the greatest common divisor of 232 and v?
29
Let t = 2860 + -2852. What is the greatest common divisor of 3680 and t?
8
Let t = -1258 + 1347. Calculate the greatest common divisor of t and 356.
89
Let t = 174 - 174. Let a(f) = f - 11. Let g be a(11). Suppose g = -t*p + 3*p - 3. What is the greatest common divisor of p and 12?
1
Let x be 44/(-3) - (-40)/60. Let m = x - -5. Let c be m*(-1)/2*14. Calculate the highest common divisor of 9 and c.
9
Let l = -24 - -27. Suppose -2*t + 15 = 5. Suppose 0 = t*b + 4*y - 63, y = 5*b - 1 - 77. What is the greatest common factor of l and b?
3
Let l = 280 + -200. Let a be (-5269)/(-132) + 1/12. What is the highest common factor of a and l?
40
Suppose -2*k = -k - 30. Suppose -19*f + k = -24*f. Let u be f/4 + (-35)/(-14). What is the highest common divisor of 11 and u?
1
Let j(u) = -u**2 + 5*u + 301. Let s be j(-15). Suppose -15 = -2*i + b, -5 = b + 4*b. Let f be (216/42)/(s/i). What is the highest common factor of f and 18?
18
Let q be 470/3 + 21/9 + -3. Suppose 3*d = 3*m - q, 0*m - 2*m + 112 = -4*d. Suppose 7*a - 10*a + m = 0. Calculate the highest common divisor of a and 56.
8
Suppose -44646 = -5*r - 15*r + 154. Calculate the highest common divisor of 30 and r.
10
Suppose -2*p - 18 = 4*f - 324, 0 = -f + 2*p + 74. Let q be (-7)/(-3 - (-339)/114). Calculate the highest common factor of q and f.
38
Suppose 3*w = -0*w + 84. Let j be (-2)/(-7) + 3520/w. Let n(t) = -175*t + 2993. Let h be n(17). Calculate the highest common factor of j and h.
18
Let z(w) = 115*w + 1169. Let h be z(-7). What is the greatest common factor of 7 and h?
7
Let y(i) = -i - 31. Let v be y(-6). Let a = 38 - -9. Let c = v + a. Calculate the greatest common factor of c and 2.
2
Suppose 4*i - g - 4 - 8 = 0, 4*g - 12 = -4*i. Suppose -i*y = 4*r - 149, -2*r + 7*r = 4*y - 147. What is the greatest common divisor of y and 387?
43
Suppose -12*b + 2*b - 10 = 0. Let a be 22 - (b + (-4)/(-2)). Calculate the highest common factor of a and 42.
21
Let b be -4*(0 - 1) - (13 - 18). Let v(z) = b*z + z**2 - 14*z + 3*z - 38. Let f be v(-8). What is the greatest common divisor of 28 and f?
14
Suppose 8*v - 2460 + 2452 = 0. What is the highest common divisor of 389 and v?
1
Let c be (-2)/(-3)*(-216)/(-6 - -3). Let q = 110 + 130. What is the highest common factor of c and q?
48
Suppose -2*q - 21 + 9 = 0. Let n(j) = 9 + 3 + 9*j - j + 3 + j**2. Let v be n(q). Calculate the greatest common factor of v and 15.
3
Let x be 28/(-10)*(-40)/(-9 + 5). Let t(u) = u**3 + 26*u**2 - 65*u - 98. Let v be t(x). Calculate the greatest common divisor of 385 and v.
77
Let f(h) = 16*h + 122. Let n be f(6). Calculate the highest common divisor of n and 4687.
109
Let q(o) = -15*o - 52. Let m be q(-6). Let h(d) = -20*d - 1. Let f be h(-1). What is the highest common divisor of f and m?
19
Let a be -2 + (-12)/(-9) - (-527)/93. Suppose 3*t + 20 = 5*t + 4*k, 2*t - 65 = a*k. What is the greatest common factor of t and 50?
10
Let g(k) = 18*k + 572. Let t be g(-30). What is the greatest common divisor of t and 196?
4
Suppose -483*v = -479*v + 292. Let q be 108/81*(-1 - v). What is the greatest common divisor of q and 120?
24
Let r = -49 - -67. Let a be 8/r - 44/99. Suppose a = 3*d + 6*d - 2736. Calculate the greatest common divisor of d and 38.
38
Let a(x) = 12*x - 48. Let p be a(32). Suppose -2 = -g + 2, p = -2*k + 4*g. Let s be ((-64)/k)/((-1)/(-1155)). What is the highest common divisor of 42 and s?
42
Let q = 41644 - 27868. What is the highest common factor of q and 168?
168
Let c = -37460 - -37474. What is the greatest common divisor of c and 427?
7
Let l(m) = -m**2 + 48*m - 209. Let y be l(6). Suppose 3*j + y = 2*r - 0*j, -5*j = -3*r + 63. What is the highest common factor of 442 and r?
26
Let x be (-132)/(-462) - (-5633)/7. What is the greatest common factor of 35 and x?
35
Let i(o) be the first derivative of 41*o**3/3 + o**2 + 3*o - 22. Let c be i(-1). Let x be (-18 + 3)*c/(-9). What is the highest common factor of 7 and x?
7
Let y be 4/2*(10/(-15))/((-35)/105). Suppose 0 = -2*u + 4*j - 16, 2*u - 6*u + j = -3. Let o be 190/6 + u/6. Calculate the highest common factor of y and o.
4
Suppose -51 = -f + 2*s - 8, 4*s - 201 = -5*f. Let y(n) = -6 - n + 2*n + f. Let l be y(6). Calculate the highest common factor of l and 287.
41
Suppose 0 = -8*t + 165 - 125. Suppose -v + 6*v - 55 = t*k, -5*k = 2*v + 13. Calculate the gre